{"id":4115,"date":"2020-05-17T16:47:31","date_gmt":"2020-05-17T16:47:31","guid":{"rendered":"http:\/\/upravnopravnidani.pravst.unist.hr\/?page_id=4115"},"modified":"2020-07-13T11:15:53","modified_gmt":"2020-07-13T11:15:53","slug":"2017-2","status":"publish","type":"page","link":"https:\/\/upravnopravnidani.pravst.unist.hr\/fr\/publikacije\/radovi\/2017-2\/","title":{"rendered":"2017"},"content":{"rendered":"<div class=\"vc_row wpb_row vc_row-fluid vc_custom_1575390546273 vc_row-o-content-middle vc_row-flex\"><div class=\"wpb_column vc_column_container vc_col-sm-12\"><div class=\"vc_column-inner\"><div class=\"wpb_wrapper\"><div class=\"vc_row wpb_row vc_inner vc_row-fluid vc_row-o-equal-height vc_row-o-content-middle vc_row-flex\"><div class=\"wpb_column vc_column_container vc_col-sm-8\"><div class=\"vc_column-inner vc_custom_1575390506246\"><div class=\"wpb_wrapper\"><div id=\"ultimate-heading-660969ec810caf172\" class=\"uvc-heading ult-adjust-bottom-margin ultimate-heading-660969ec810caf172 uvc-5709  uvc-heading-default-font-sizes\" data-hspacer=\"no_spacer\"  data-halign=\"left\" style=\"text-align:left\"><div class=\"uvc-heading-spacer no_spacer\" style=\"top\"><\/div><div class=\"uvc-main-heading ult-responsive\"  data-ultimate-target='.uvc-heading.ultimate-heading-660969ec810caf172 h3'  data-responsive-json-new='{\"font-size\":\"\",\"line-height\":\"\"}' ><h3 style=\"font-weight:bold;color:#148ba9;margin-bottom:20px;\">Split, 14 et 15 septembre 2017<\/h3><\/div><div class=\"uvc-sub-heading ult-responsive\"  data-ultimate-target='.uvc-heading.ultimate-heading-660969ec810caf172 .uvc-sub-heading '  data-responsive-json-new='{\"font-size\":\"desktop:34px;\",\"line-height\":\"desktop:44px;\"}'  style=\"font-weight:bold;color:#222222;margin-bottom:30px;\">L\u2019action de l\u2019administration publique<\/div><\/div>\n\t<div class=\"wpb_text_column wpb_content_element\" >\n\t\t<div class=\"wpb_wrapper\">\n\t\t\t<p><a href=\"http:\/\/upravnopravnidani.pravst.unist.hr\/wp-content\/uploads\/2020\/05\/1.-1987-2017-ou-la-refondation-de-la-juridiction-administrative-en-France-Martine-de-BOISDEFFRE.pdf\">1987-2017 ou la refondation de la juridiction de la juridiction administrative en France   Martine de BOISDEFFRE<\/a><\/p>\n<p><a href=\"http:\/\/upravnopravnidani.pravst.unist.hr\/wp-content\/uploads\/2020\/05\/2.-La-conception-fran\u00e7aise-de-la-fonction-publique-Jean-Michel-LEMOYNE-de-FORGES.pdf\">La conception fran\u00e7aise de la fonction publique   Jean Michel LEMOYNE de FORGES<\/a><\/p>\n<p><a href=\"http:\/\/upravnopravnidani.pravst.unist.hr\/wp-content\/uploads\/2020\/05\/3.-Slu\u017ebeni\u010dki-odnosi-u-lokalnoj-i-podru\u010dnoj-regionalnoj-samoupravi-u-Hrvatskoj-\u2013-regulacija-i-otvorena-pitanja-Alen-RAJKO.pdf\">Les relations avec les agents publics dans la libre administration locale et territoriale (r\u00e9gionale) en Croatie \u2013 r\u00e9gulation et questions pendantes   Alen RAJKO<\/a><\/p>\n<p><a href=\"http:\/\/upravnopravnidani.pravst.unist.hr\/wp-content\/uploads\/2020\/05\/4.-Les-droits-et-obligations-du-fonctionnaire-fran\u00e7ais-Jerome-MICHEL.pdf\">Les droits et obligations du fonctionnaire fran\u00e7ais   J\u00e9r\u00f4me MICHEL<\/a><\/p>\n<p><a href=\"http:\/\/upravnopravnidani.pravst.unist.hr\/wp-content\/uploads\/2020\/05\/5.-Propri\u00e9t\u00e9-publique-d\u00e9limitation-et-bornage-Daniel-GILTARD.pdf\">Propri\u00e9t\u00e9 publique : d\u00e9limitation et bornage   Daniel GILTARD<\/a><\/p>\n<p><a href=\"http:\/\/upravnopravnidani.pravst.unist.hr\/wp-content\/uploads\/2020\/05\/6.-Razlikovanje-javnog-interesa-op\u0107eg-interesa-i-interesa-Republike-Hrvatske-u-kontekstu-javnopravnih-ograni\u010davanja-prava-vlasni\u0161tva-Frane-STANI\u010cI\u0106.pdf\">La distinction entre int\u00e9r\u00eat public, int\u00e9r\u00eat g\u00e9n\u00e9ral et int\u00e9r\u00eat de la r\u00e9publique de Croatie dans le contexte des limites apport\u00e9es aux droits de propri\u00e9t\u00e9 en droit public  Frane STANI\u010cI\u0106<\/a><\/p>\n<p><a href=\"http:\/\/upravnopravnidani.pravst.unist.hr\/wp-content\/uploads\/2020\/05\/7.-Le-Principe-dinali\u00e9nabilit\u00e9-du-domaine-public-Jacques-CAILLOSSE.pdf\">Le Principe d'inali\u00e9nabilit\u00e9 du domaine public   Jacques CAILLOSSE<\/a><\/p>\n<p><a href=\"http:\/\/upravnopravnidani.pravst.unist.hr\/wp-content\/uploads\/2020\/05\/8.-Radiofrekvencijski-spektar-kao-dobro-od-javnog-interesa-Bosiljka-BRITVI\u0106-VETMA-Marko-TURUDI\u0106.pdf\">Le spectre des fr\u00e9quences-radio comme bien pr\u00e9sentant un int\u00e9r\u00eat public  Bosiljka BRITVI\u0106 VETMA, Marko TURUDI\u0106<\/a><\/p>\n<p><a href=\"http:\/\/upravnopravnidani.pravst.unist.hr\/wp-content\/uploads\/2020\/05\/9.-Primjena-prakse-Europskog-suda-u-poreznim-stvarima-Zdenk-KOHARI\u0106.pdf\">L\u2019application de la jurisprudence de la Cour de justice de l\u2019U.E. en mati\u00e8re fiscale  Zdenka KOHARI\u0106<\/a><\/p>\n<p><a href=\"http:\/\/upravnopravnidani.pravst.unist.hr\/wp-content\/uploads\/2020\/05\/10.-Za\u0161tita-ustavnih-jamstava-poreznih-obveznika-u-poreznim-postupcima-Lana-OFAK.pdf\">Les garanties constitutionnelles protectrices des contribuables dans les proc\u00e9dures fiscales  Lana OFAK<\/a><\/p>\n<p><a href=\"http:\/\/upravnopravnidani.pravst.unist.hr\/wp-content\/uploads\/2020\/05\/11.-Le-contentieux-fiscal-d\u00e9lais-de-prescription-et-pouvoirs-du-juge-Guillaume-GOULARD.pdf\">Le contentieux fiscal : d\u00e9lais de prescription et pouvoirs du juge   Guillaume GOULARD<\/a><\/p>\n<p><a href=\"http:\/\/upravnopravnidani.pravst.unist.hr\/wp-content\/uploads\/2020\/05\/12.-Upravnopravni-pojam-zastare-s-posebnim-osvrtom-na-zastaru-u-poreznom-pravu-Nata\u0161a-\u017dUNI\u0106-KOVA\u010cEVI\u0106-Marko-\u0160IKI\u0106.pdf\">La notion de prescription en droit administratif s\u2019agissant notamment de la prescription en droit fiscal  Nata\u0161a \u017dUNI\u0106 KOVA\u010cEVI\u0106, Marko \u0160IKI\u0106<\/a><\/p>\n<p><a href=\"http:\/\/upravnopravnidani.pravst.unist.hr\/wp-content\/uploads\/2020\/05\/13.-Na\u010delo-gospodarskog-pristupa-\u010dinjenicama-bitnima-za-oporezivanje-Zoran-\u0160INKOVI\u0106.pdf\">Le principe de l\u2019approche \u00e9conomique des principaux \u00e9l\u00e9ments d\u2019imposition   Zoran \u0160INKOVI\u0106<\/a><\/p>\n<p><a href=\"http:\/\/upravnopravnidani.pravst.unist.hr\/wp-content\/uploads\/2020\/05\/14.-Odgovornost-\u010dlanova-upravlja\u010dke-strukture-za-porezni-dug-trgova\u010dkih-dru\u0161tava-kapitala-Ratko-BRNABI\u0106-Marko-IVKO\u0160I\u0106.pdf\">La responsabilit\u00e9 des membres des organes de gestion pour les dettes fiscales des soci\u00e9t\u00e9s commerciales de capitaux   Marko IVKO\u0160I\u0106, Ratko BRNABI\u0106<\/a><\/p>\n<p><a href=\"http:\/\/upravnopravnidani.pravst.unist.hr\/wp-content\/uploads\/2020\/05\/15.-Le-r\u00f4le-des-journ\u00e9es-juridiques-et-administratives-franco-croates-2007-2017-Jean-MASSOT.pdf\">Le r\u00f4le des journ\u00e9es juridiques et administratives franco-croates (2007-2017)   Jean MASSOT<\/a><\/p>\n\n\t\t<\/div>\n\t<\/div>\n<\/div><\/div><\/div><div class=\"wpb_column vc_column_container vc_col-sm-4\"><div class=\"vc_column-inner\"><div class=\"wpb_wrapper\"><\/div><\/div><\/div><\/div><\/div><\/div><\/div><\/div><div data-vc-full-width=\"true\" data-vc-full-width-init=\"false\" class=\"vc_row wpb_row vc_row-fluid vc_custom_1575399465927 vc_row-has-fill\"><div class=\"wpb_column vc_column_container vc_col-sm-12 vc_col-has-fill\"><div class=\"vc_column-inner vc_custom_1575399499107\"><div class=\"wpb_wrapper\"><div id=\"ultimate-heading-567569ec810cafe2e\" class=\"uvc-heading ult-adjust-bottom-margin ultimate-heading-567569ec810cafe2e uvc-3662  uvc-heading-default-font-sizes\" data-hspacer=\"no_spacer\"  data-halign=\"center\" style=\"text-align:center\"><div class=\"uvc-heading-spacer no_spacer\" style=\"top\"><\/div><div class=\"uvc-main-heading ult-responsive\"  data-ultimate-target='.uvc-heading.ultimate-heading-567569ec810cafe2e h3'  data-responsive-json-new='{\"font-size\":\"\",\"line-height\":\"\"}' ><h3 style=\"font-weight:bold;margin-bottom:20px;\">Journ\u00e9es juridiques et administratives franco-croates<\/h3><\/div><div class=\"uvc-sub-heading ult-responsive\"  data-ultimate-target='.uvc-heading.ultimate-heading-567569ec810cafe2e .uvc-sub-heading '  data-responsive-json-new='{\"font-size\":\"desktop:20px;\",\"line-height\":\"desktop:30px;\"}'  style=\"font-weight:normal;color:#148ba9;\">T\u00e9l\u00e9phone : <span style=\"color: #222222;\">021 393 555<\/span><br \/>\nEmail : <span style=\"color: #222222;\">upravnopravnidani@pravst.hr<\/span><\/div><\/div><\/div><\/div><\/div><\/div><div class=\"vc_row-full-width vc_clearfix\"><\/div>","protected":false},"excerpt":{"rendered":"<p>Split, 14. i 15. rujna 2017.Djelovanje javne uprave 1987-2017 ili obnova upravnog sudovanja u Francuskoj Martine de BOISDEFFRE Francuska koncepcija javnog slu\u017ebovanja Jean Michel LEMOYNE de FORGES Slu\u017ebeni\u010dki odnosi u lokalnoj i podru\u010dnoj (regionalnoj) samoupravi u Hrvatskoj \u2013 regulacija i otvorena pitanja Alen RAJKO Prava i obveze francuskog slu\u017ebenika J\u00e9r\u00f4me MICHEL Javno vlasni\u0161tvo : ograni\u010denje&hellip;<\/p>","protected":false},"author":1,"featured_media":0,"parent":3918,"menu_order":0,"comment_status":"closed","ping_status":"closed","template":"","meta":[],"_links":{"self":[{"href":"https:\/\/upravnopravnidani.pravst.unist.hr\/fr\/wp-json\/wp\/v2\/pages\/4115"}],"collection":[{"href":"https:\/\/upravnopravnidani.pravst.unist.hr\/fr\/wp-json\/wp\/v2\/pages"}],"about":[{"href":"https:\/\/upravnopravnidani.pravst.unist.hr\/fr\/wp-json\/wp\/v2\/types\/page"}],"author":[{"embeddable":true,"href":"https:\/\/upravnopravnidani.pravst.unist.hr\/fr\/wp-json\/wp\/v2\/users\/1"}],"replies":[{"embeddable":true,"href":"https:\/\/upravnopravnidani.pravst.unist.hr\/fr\/wp-json\/wp\/v2\/comments?post=4115"}],"version-history":[{"count":2,"href":"https:\/\/upravnopravnidani.pravst.unist.hr\/fr\/wp-json\/wp\/v2\/pages\/4115\/revisions"}],"predecessor-version":[{"id":5041,"href":"https:\/\/upravnopravnidani.pravst.unist.hr\/fr\/wp-json\/wp\/v2\/pages\/4115\/revisions\/5041"}],"up":[{"embeddable":true,"href":"https:\/\/upravnopravnidani.pravst.unist.hr\/fr\/wp-json\/wp\/v2\/pages\/3918"}],"wp:attachment":[{"href":"https:\/\/upravnopravnidani.pravst.unist.hr\/fr\/wp-json\/wp\/v2\/media?parent=4115"}],"curies":[{"name":"wp","href":"https:\/\/api.w.org\/{rel}","templated":true}]}}

<div class="vc_row wpb_row vc_row-fluid vc_custom_1575390546273 vc_row-o-content-middle vc_row-flex"><div class="wpb_column vc_column_container vc_col-sm-12"><div class="vc_column-inner"><div class="wpb_wrapper"><div class="vc_row wpb_row vc_inner vc_row-fluid vc_row-o-equal-height vc_row-o-content-middle vc_row-flex"><div class="wpb_column vc_column_container vc_col-sm-8"><div class="vc_column-inner vc_custom_1575390506246"><div class="wpb_wrapper"><div id="ultimate-heading-660969ec810caf172" class="uvc-heading ult-adjust-bottom-margin ultimate-heading-660969ec810caf172 uvc-5709  uvc-heading-default-font-sizes" data-hspacer="no_spacer"  data-halign="left" style="text-align:left"><div class="uvc-heading-spacer no_spacer" style="top"></div><div class="uvc-main-heading ult-responsive"  data-ultimate-target='.uvc-heading.ultimate-heading-660969ec810caf172 h3'  data-responsive-json-new='{"font-size":"","line-height":""}' ><h3 style="font-weight:bold;color:#148ba9;margin-bottom:20px;">Split, 14 et 15 septembre 2017</h3></div><div class="uvc-sub-heading ult-responsive"  data-ultimate-target='.uvc-heading.ultimate-heading-660969ec810caf172 .uvc-sub-heading '  data-responsive-json-new='{"font-size":"desktop:34px;","line-height":"desktop:44px;"}'  style="font-weight:bold;color:#222222;margin-bottom:30px;">L’action de l’administration publique</div></div>
	<div class="wpb_text_column wpb_content_element" >
		<div class="wpb_wrapper">
			<p><a href="http://upravnopravnidani.pravst.unist.hr/wp-content/uploads/2020/05/1.-1987-2017-ou-la-refondation-de-la-juridiction-administrative-en-France-Martine-de-BOISDEFFRE.pdf">1987-2017 ou la refondation de la juridiction de la juridiction administrative en France   Martine de BOISDEFFRE</a></p>
<p><a href="http://upravnopravnidani.pravst.unist.hr/wp-content/uploads/2020/05/2.-La-conception-française-de-la-fonction-publique-Jean-Michel-LEMOYNE-de-FORGES.pdf">La conception française de la fonction publique   Jean Michel LEMOYNE de FORGES</a></p>
<p><a href="http://upravnopravnidani.pravst.unist.hr/wp-content/uploads/2020/05/3.-Službenički-odnosi-u-lokalnoj-i-područnoj-regionalnoj-samoupravi-u-Hrvatskoj-–-regulacija-i-otvorena-pitanja-Alen-RAJKO.pdf">Les relations avec les agents publics dans la libre administration locale et territoriale (régionale) en Croatie – régulation et questions pendantes   Alen RAJKO</a></p>
<p><a href="http://upravnopravnidani.pravst.unist.hr/wp-content/uploads/2020/05/4.-Les-droits-et-obligations-du-fonctionnaire-français-Jerome-MICHEL.pdf">Les droits et obligations du fonctionnaire français   Jérôme MICHEL</a></p>
<p><a href="http://upravnopravnidani.pravst.unist.hr/wp-content/uploads/2020/05/5.-Propriété-publique-délimitation-et-bornage-Daniel-GILTARD.pdf">Propriété publique : délimitation et bornage   Daniel GILTARD</a></p>
<p><a href="http://upravnopravnidani.pravst.unist.hr/wp-content/uploads/2020/05/6.-Razlikovanje-javnog-interesa-općeg-interesa-i-interesa-Republike-Hrvatske-u-kontekstu-javnopravnih-ograničavanja-prava-vlasništva-Frane-STANIČIĆ.pdf">La distinction entre intérêt public, intérêt général et intérêt de la république de Croatie dans le contexte des limites apportées aux droits de propriété en droit public  Frane STANIČIĆ</a></p>
<p><a href="http://upravnopravnidani.pravst.unist.hr/wp-content/uploads/2020/05/7.-Le-Principe-dinaliénabilité-du-domaine-public-Jacques-CAILLOSSE.pdf">Le Principe d'inaliénabilité du domaine public   Jacques CAILLOSSE</a></p>
<p><a href="http://upravnopravnidani.pravst.unist.hr/wp-content/uploads/2020/05/8.-Radiofrekvencijski-spektar-kao-dobro-od-javnog-interesa-Bosiljka-BRITVIĆ-VETMA-Marko-TURUDIĆ.pdf">Le spectre des fréquences-radio comme bien présentant un intérêt public  Bosiljka BRITVIĆ VETMA, Marko TURUDIĆ</a></p>
<p><a href="http://upravnopravnidani.pravst.unist.hr/wp-content/uploads/2020/05/9.-Primjena-prakse-Europskog-suda-u-poreznim-stvarima-Zdenk-KOHARIĆ.pdf">L’application de la jurisprudence de la Cour de justice de l’U.E. en matière fiscale  Zdenka KOHARIĆ</a></p>
<p><a href="http://upravnopravnidani.pravst.unist.hr/wp-content/uploads/2020/05/10.-Zaštita-ustavnih-jamstava-poreznih-obveznika-u-poreznim-postupcima-Lana-OFAK.pdf">Les garanties constitutionnelles protectrices des contribuables dans les procédures fiscales  Lana OFAK</a></p>
<p><a href="http://upravnopravnidani.pravst.unist.hr/wp-content/uploads/2020/05/11.-Le-contentieux-fiscal-délais-de-prescription-et-pouvoirs-du-juge-Guillaume-GOULARD.pdf">Le contentieux fiscal : délais de prescription et pouvoirs du juge   Guillaume GOULARD</a></p>
<p><a href="http://upravnopravnidani.pravst.unist.hr/wp-content/uploads/2020/05/12.-Upravnopravni-pojam-zastare-s-posebnim-osvrtom-na-zastaru-u-poreznom-pravu-Nataša-ŽUNIĆ-KOVAČEVIĆ-Marko-ŠIKIĆ.pdf">La notion de prescription en droit administratif s’agissant notamment de la prescription en droit fiscal  Nataša ŽUNIĆ KOVAČEVIĆ, Marko ŠIKIĆ</a></p>
<p><a href="http://upravnopravnidani.pravst.unist.hr/wp-content/uploads/2020/05/13.-Načelo-gospodarskog-pristupa-činjenicama-bitnima-za-oporezivanje-Zoran-ŠINKOVIĆ.pdf">Le principe de l’approche économique des principaux éléments d’imposition   Zoran ŠINKOVIĆ</a></p>
<p><a href="http://upravnopravnidani.pravst.unist.hr/wp-content/uploads/2020/05/14.-Odgovornost-članova-upravljačke-strukture-za-porezni-dug-trgovačkih-društava-kapitala-Ratko-BRNABIĆ-Marko-IVKOŠIĆ.pdf">La responsabilité des membres des organes de gestion pour les dettes fiscales des sociétés commerciales de capitaux   Marko IVKOŠIĆ, Ratko BRNABIĆ</a></p>
<p><a href="http://upravnopravnidani.pravst.unist.hr/wp-content/uploads/2020/05/15.-Le-rôle-des-journées-juridiques-et-administratives-franco-croates-2007-2017-Jean-MASSOT.pdf">Le rôle des journées juridiques et administratives franco-croates (2007-2017)   Jean MASSOT</a></p>

		</div>
	</div>
</div></div></div><div class="wpb_column vc_column_container vc_col-sm-4"><div class="vc_column-inner"><div class="wpb_wrapper"></div></div></div></div></div></div></div></div><div data-vc-full-width="true" data-vc-full-width-init="false" class="vc_row wpb_row vc_row-fluid vc_custom_1575399465927 vc_row-has-fill"><div class="wpb_column vc_column_container vc_col-sm-12 vc_col-has-fill"><div class="vc_column-inner vc_custom_1575399499107"><div class="wpb_wrapper"><div id="ultimate-heading-567569ec810cafe2e" class="uvc-heading ult-adjust-bottom-margin ultimate-heading-567569ec810cafe2e uvc-3662  uvc-heading-default-font-sizes" data-hspacer="no_spacer"  data-halign="center" style="text-align:center"><div class="uvc-heading-spacer no_spacer" style="top"></div><div class="uvc-main-heading ult-responsive"  data-ultimate-target='.uvc-heading.ultimate-heading-567569ec810cafe2e h3'  data-responsive-json-new='{"font-size":"","line-height":""}' ><h3 style="font-weight:bold;margin-bottom:20px;">Journées juridiques et administratives franco-croates</h3></div><div class="uvc-sub-heading ult-responsive"  data-ultimate-target='.uvc-heading.ultimate-heading-567569ec810cafe2e .uvc-sub-heading '  data-responsive-json-new='{"font-size":"desktop:20px;","line-height":"desktop:30px;"}'  style="font-weight:normal;color:#148ba9;">Téléphone : <span style="color: #222222;">021 393 555</span><br />
Email : <span style="color: #222222;">upravnopravnidani@pravst.hr</span></div></div></div></div></div></div><div class="vc_row-full-width vc_clearfix"></div>

<p>Split, 14. i 15. rujna 2017.Djelovanje javne uprave 1987-2017 ili obnova upravnog sudovanja u Francuskoj Martine de BOISDEFFRE Francuska koncepcija javnog službovanja Jean Michel LEMOYNE de FORGES Službenički odnosi u lokalnoj i područnoj (regionalnoj) samoupravi u Hrvatskoj – regulacija i otvorena pitanja Alen RAJKO Prava i obveze francuskog službenika Jérôme MICHEL Javno vlasništvo : ograničenje&hellip;</p>
